et j(p) = p**2 + 6*p + 6. Calculate j(-4).
-2
Let i(m) = 14*m - 20. Determine i(1).
-6
Let g(p) = -p**2 + 4*p + 4. Determine g(-2).
-8
Let p(v) = v**3 - 6*v**2 - 34*v + 23. Give p(9).
-40
Let z(g) = -3*g**2 + 18*g - 18. Calculate z(5).
-3
Let d(h) = -h**2 - 9*h - 5. What is d(-3)?
13
Let d(x) = -x**3 + 6*x + 4. Give d(-2).
0
Let m(h) = -h**2 + 6*h + 2. Determine m(6).
2
Let y(x) = x**2 + 35*x - 202. Give y(-40).
-2
Let z(s) = 5*s. Calculate z(1).
5
Let l(x) = -7*x + 6. Give l(11).
-71
Let w(r) = r**2 - 18*r - 4. What is w(17)?
-21
Let n(l) = l**3 + l**2 - 11*l - 12. Determine n(-3).
3
Let a(m) = 6*m - 22. What is a(6)?
14
Let s(d) = d**3 - 5*d**2 - 8*d + 17. Give s(6).
5
Let q(r) = r**3 + 25*r**2 - 32*r - 139. Determine q(-26).
17
Let p(k) = -3*k**2 + 23*k + 2. Give p(8).
-6
Let t(v) = v**3 + 9*v**2 - 3*v - 19. Give t(-9).
8
Let z(x) = x**3 + 6*x**2 - 10*x - 1. What is z(-7)?
20
Let i(p) = 16*p + 18. Give i(-4).
-46
Let s(t) = 6*t**3 + 2*t**2 - 3*t - 3. Calculate s(-2).
-37
Let o(j) = -19*j - 4. Determine o(-3).
53
Let l(r) = 4*r - 21. Give l(-6).
-45
Let u(d) = -d**2 - 2*d + 2. What is u(3)?
-13
Let k(j) = -j**2 + 15*j + 6. What is k(7)?
62
Let g(h) = h**3 + h**2 - 10*h + 2. Give g(3).
8
Let h(r) = r**2 - 6*r + 1. Give h(2).
-7
Let t(z) = -19*z - 46. Determine t(-7).
87
Let w(s) = -5*s + 9. Calculate w(-7).
44
Let x(h) = 15*h - 117. Determine x(8).
3
Let b(d) = -2*d**2 - 9*d + 5. Determine b(-7).
-30
Let y(u) = 3*u - 20. Calculate y(-11).
-53
Let u(x) = 41*x**3 + x + 2. What is u(-1)?
-40
Let i(u) = u**2 + 40*u + 383. Calculate i(-14).
19
Let h(d) = -d**2 + 3. What is h(3)?
-6
Let w(q) = -q**3 + 18*q**2 - 18*q. What is w(17)?
-17
Let s(p) = -p**2 - 21*p + 1. Determine s(-21).
1
Let p(k) = -3*k - 2. Give p(-9).
25
Let u(t) = -2*t**2 - 3*t - 2. What is u(-7)?
-79
Let g(f) = 14*f + 333. Determine g(-24).
-3
Let v(q) = -10*q - 86. Give v(-9).
4
Let f(h) = -h**3 + 4*h**2 + 20*h + 16. Calculate f(7).
9
Let p(r) = -r**2 + 2*r + 1. Give p(5).
-14
Let b(p) = -p**3 - 8*p**2 - 6*p + 8. Determine b(-7).
1
Let n(u) = u**2 - 16*u + 40. Give n(11).
-15
Let s(b) = 15*b**3 + 1. What is s(1)?
16
Let n(y) = -y**3 - 8*y**2 + 18*y - 28. What is n(-10)?
-8
Let v(i) = 3*i**2 + 26*i + 14. Determine v(-7).
-21
Let f(h) = -3*h**2 - 2*h - 2. Give f(-5).
-67
Let s(h) = -47*h + 287. Calculate s(6).
5
Let p(o) = o**3 - 6*o**2 - 58*o + 312. Calculate p(5).
-3
Let p(j) = 3*j - 2. Determine p(-14).
-44
Let y(d) = 18*d**2 - 2*d - 3. Determine y(-2).
73
Let u(g) = -3*g - 31. Give u(-9).
-4
Let y(i) = i**2 + 9*i + 8. Give y(-8).
0
Let c(p) = 11*p**2 - 4*p + 2. Give c(2).
38
Let y(q) = -2*q**3 - 10*q**2 - q + 6. Calculate y(-5).
11
Let x(y) = y**2 - 20*y + 31. Determine x(18).
-5
Let w(g) = 7*g - 65. Determine w(8).
-9
Let q(s) = 22*s**2 + 3*s + 2. Give q(-1).
21
Let q(f) = -f**3 + 7*f**2 - 9*f - 13. Give q(5).
-8
Let v(o) = -3*o. Determine v(18).
-54
Let i(t) = 3*t**2 - 12*t - 13. Determine i(5).
2
Let c(o) = -2*o**3 + 4*o**2 - 5*o + 3. Determine c(2).
-7
Let l(o) = 7*o + 96. Determine l(-13).
5
Let q(i) = 3*i**2 + 4*i - 12. What is q(-7)?
107
Let v(z) = -z**3. Determine v(2).
-8
Let w(v) = v**2 - 12*v + 7. Determine w(13).
20
Let j(o) = -o - 1. Determine j(-2).
1
Let g(k) = 3*k**3 + 5*k**2 + 6*k + 2. Determine g(-3).
-52
Let s(l) = l - 29. Calculate s(0).
-29
Let k(g) = 9*g**3 - 5*g**2 + 3*g + 2. What is k(1)?
9
Let c(y) = y**2 + 12*y - 4. What is c(-9)?
-31
Let q(u) = -u**2 + 3*u + 4. Determine q(-5).
-36
Let f(j) = j**3 - 5*j**2 + 10*j - 20. What is f(4)?
4
Let g(d) = -d**2 - 8*d + 4. Calculate g(-6).
16
Let k(n) = -n**3 + 18*n**2 + 18*n + 21. What is k(19)?
2
Let r(d) = -5*d + 9. Give r(-9).
54
Let n(c) = 2*c**3 + 2*c + 2. What is n(-1)?
-2
Let h(t) = -2*t + 117. Give h(58).
1
Let h(l) = -l. What is h(25)?
-25
Let y(r) = 2*r - 44. What is y(17)?
-10
Let x(p) = 9*p - 2. Give x(5).
43
Let f(s) = -s**2 + 9*s - 3. Give f(4).
17
Let v(g) = -4*g - 18. Give v(-8).
14
Let m(j) = j**2 + 56*j - 739. Give m(11).
-2
Let u(m) = 6*m - 6. Determine u(4).
18
Let u(r) = -r**3 - r**2 - 12. Determine u(0).
-12
Let v(c) = 69*c - 2. Give v(0).
-2
Let w(l) = l**3 + 24*l**2 + 23*l + 12. Determine w(-23).
12
Let g(a) = -a**3 + a**2 - 2*a + 2. Determine g(1).
0
Let d(t) = -8*t + 13. What is d(16)?
-115
Let u(z) = z**2 + 10*z - 27. Determine u(-12).
-3
Let s(w) = -8*w + 1. What is s(-1)?
9
Let l(v) = v**2 + 14*v - 209. Calculate l(9).
-2
Let t(x) = 4*x**2 + 6*x + 6. What is t(-3)?
24
Let w(n) = -n**2 + 24*n - 118. Give w(18).
-10
Let h(m) = m**3 - 30*m**2 - 32*m + 1. Give h(31).
-30
Let x(i) = -i**3 + 19*i**2 + 3*i - 54. Give x(19).
3
Let h(z) = 153*z - 452. Calculate h(3).
7
Let q(h) = h**3 - 13*h**2 - h + 10. What is q(13)?
-3
Let f(y) = 3*y - 14. Give f(7).
7
Let h(i) = -11*i + 114. Calculate h(8).
26
Let q(d) = -d**3 - 2*d**2 + 33*d + 51. What is q(-6)?
-3
Let q(l) = l**3 + 9*l**2 + 10*l - 2. What is q(-8)?
-18
Let v(u) = u**3 - 18*u**2 - 2*u + 31. Determine v(18).
-5
Let p(h) = h**3 - 10*h**2 - 4. Give p(10).
-4
Let u(r) = r**2 - 21*r - 142. Calculate u(26).
-12
Let b(j) = -j**2 + 7*j - 11. Calculate b(6).
-5
Let u(m) = -2*m + 41. Calculate u(10).
21
Let g(v) = 2*v**2 + 2*v - 1. Calculate g(2).
11
Let o(s) = -s + 5. What is o(-13)?
18
Let l(i) = -i**2 - 2*i - 19. What is l(-6)?
-43
Let y(d) = -7*d - 2. Give y(-1).
5
Let d(x) = -x - 6. Calculate d(7).
-13
Let v(b) = b**2 + 3. Give v(-3).
12
Let u(b) = b**3 + 6*b**2 + 9*b + 10. Determine u(-5).
-10
Let l(r) = r**2 + 11*r - 4. Give l(-5).
-34
Let n(y) = 2*y**2 - 14*y - 9. What is n(7)?
-9
Let q(z) = 10*z**3 - 2*z**2. Give q(1).
8
Let v(p) = p**2 + 4*p + 8. Give v(-5).
13
Let p(n) = -n**2 - 7*n - 7. Give p(-4).
5
Let w(n) = 8*n**2 - n - 2. Determine w(-2).
32
Let o(q) = q - 58. What is o(18)?
-40
Let p(t) = -t**3 + 6*t**2 + 5*t - 8. What is p(8)?
-96
Let g(l) = 2*l**2 + 9*l - 5. Give g(-5).
0
Let a(g) = g**2 + 33*g - 322. Give a(-41).
6
Let g(z) = 15*z - 3. Determine g(-4).
-63
Let f(c) = -7*c + 43. Calculate f(6).
1
Let k(g) = -g**3 - 5*g**2 + 7*g. Give k(-6).
-6
Let x(q) = -19*q**2 - 194*q - 33. Calculate x(-10).
7
Let t(k) = -k**2 - 10*k + 79. Give t(-15).
4
Let u(i) = 2*i**2 + 9*i - 11. Give u(-6).
7
Let k(g) = g**3 + 6*g**2 - 9*g - 12. Calculate k(-7).
2
Let h(f) = -2*f**3 + 2*f**2 + 2*f - 3. Give h(3).
-33
Let u(t) = -3*t**2 - 20*t + 12. Give u(-7).
5
Let x(m) = m**2 + 5*m - 9. What is x(5)?
41
Let a(v) = -2*v + 54. Calculate a(23).
8
Let x(b) = b**2 + 3*b - 4. Give x(2).
6
Let d(a) = a**2 - 4*a + 5. Determine d(-8).
101
Let z(a) = a**3 - 32*a**2 + 31*a + 4. What is z(31)?
4
Let y(t) = 66*t**3 - t**2 + t + 2. Give y(-1).
-66
Let s(v) = 3*v**3 + 19*v**2 + 7*v + 6. Give s(-6).
0
Let z(f) = -f**3 - 6*f**2 - 6*f - 8. Determine z(-6).
28
Let z(i) = i**3 - 6*i**2 - i + 1. What is z(4)?
-35
Let k(i) = 2*i**2 + i + 3. Determine k(3).
24
Let t(c) = -6*c**2 - 74*c - 74. Give t(-1).
-6
Let f(k) = 8*k**2 + 123*k + 38. Determine f(-15).
-7
Let q(c) = 6*c + 10. What is q(-4)?
-14
Let i(l) = 4*l + 5. Determine i(7).
33
Let j(a) = -a**3 + 11*a**2 + 24*a + 17. What is j(13)?
-9
Let p(r) = -r**3 - 16*r**2 + 65*r + 142. Determine p(-19).
-10
Let f(d) = d**3 + 6*d**2 - 4*d - 9. What is f(-6)?
15
Let r(p) = p**3 + 2*p**2 + 6*p + 2. Give r(-4).
-54
Let r(x) = x**3 + 4*x**2 - x - 4. Give r(-4).
0
Let d(f) = -f**2 - 11*f + 6. What is d(-12)?
-6
Let n(d) = d**3 - 22*d**2 + 69*d + 52. Give n(18).
-2
Let y(r) = -2*r**3 - 8*r**2 + 12*r + 6. Give y(-5).
-4
Let h(k) = 3*k - 95. Determine h(15).
-50
Let p(v) = v**3 - 2*v**2 + v - 1. Determine p(2).
1
Let j(w) = -w**2 + 23*w + 46. Give j(-2).
-4
Let c(u) = 4*u - 44. What is c(13)?
8
Let n(o) = -20*o - 340. Determine n(-17).
0
Let q(r) = 5*r. What is q(-4)?
-20
Let t(f) = f**3 + 16*f**2 + 17*f + 2. Calculate t(-15).
-28
Let j(d) = d - 12. What is j(-6)?
-18
Let o(h) = 5*h - 3. What is o(2)?
7
Let m(j) = j + 6. Calculate m(-14).
-8
Let s(v) = -106*v + 324. Calculate s(3).
6
Let j(m) = 3*m + 3. Give j(-1).
0
Let g(c) = -2*c**3 - 2*c**2 + 5*c + 5. Calculate g(-3).
26
Let w(u) = -u**3 + 14*u**2 + 10*u + 24. Calculate w(15).
-51
Let x(g) = 6*g - 3. Calculate x(3).
15
Let d(n) = n**2 + 68*n - 1143. Determine d(14).
5
Let o(i) = 2*i**3 + 12*i**2 + 9. Calculate o(-6).
9
Let l(x) = 17*x + 19. Determine l(-3).
-32
Let d(c) = -c**